{"id":67,"date":"2024-02-28T15:36:40","date_gmt":"2024-02-28T18:36:40","guid":{"rendered":"https:\/\/ci.unsa.edu.ar\/?page_id=67"},"modified":"2026-02-02T13:18:27","modified_gmt":"2026-02-02T16:18:27","slug":"programa-de-incentivos","status":"publish","type":"page","link":"https:\/\/ci.unsa.edu.ar\/index.php\/programa-de-incentivos\/","title":{"rendered":"Programa de Incentivos a los Docentes-Investigadores"},"content":{"rendered":"<p style=\"text-align: left;\" data-path-to-node=\"4,0\"><strong>El Programa de Incentivos es una pol\u00edtica nacional gestionada por el CIUNSa dentro de la Universidad Nacional de Salta, cuyo objetivo es fomentar la actividad cient\u00edfica, tecnol\u00f3gica y de innovaci\u00f3n en articulaci\u00f3n con la docencia universitaria. <\/strong><strong>A trav\u00e9s de este programa, se reconoce y jerarquiza la labor de los investigadores que cumplen funciones de investigaci\u00f3n integradas a su c\u00e1tedra, promoviendo el desarrollo de proyectos acreditados y la formaci\u00f3n de recursos humanos. En esta secci\u00f3n, el personal docente podr\u00e1 acceder a la normativa vigente, los manuales de procedimientos y los plazos estipulados para la carga de informes y solicitudes de pago.<\/strong><\/p>\n<p><span style=\"font-weight: 400;\"><a href=\"https:\/\/ci.unsa.edu.ar\/wp-content\/uploads\/2024\/05\/Manual-de-Procedimientos_RM_1543-14.pdf\" class=\"box-link\"><img decoding=\"async\" src=\"https:\/\/ci.unsa.edu.ar\/wp-content\/themes\/ciunsathemes\/img\/icono-pdf.svg\" alt=\"Icono PDF\" class=\"w-[40px] h-[40px]\"><span>Manual de Procedimientos del Programa de Incentivos<\/span><\/a><\/span><\/p>\n","protected":false},"excerpt":{"rendered":"<p>El Programa de Incentivos es una pol\u00edtica nacional gestionada por el CIUNSa dentro de la Universidad Nacional de Salta, cuyo objetivo es fomentar la actividad cient\u00edfica, tecnol\u00f3gica y de innovaci\u00f3n en articulaci\u00f3n con la docencia universitaria. A trav\u00e9s de este programa, se reconoce y jerarquiza la labor de los investigadores que cumplen funciones de investigaci\u00f3n [&hellip;]<\/p>\n","protected":false},"author":1,"featured_media":1187,"parent":0,"menu_order":0,"comment_status":"closed","ping_status":"closed","template":"","meta":{"_acf_changed":false,"footnotes":""},"class_list":["post-67","page","type-page","status-publish","has-post-thumbnail","hentry"],"acf":[],"_links":{"self":[{"href":"https:\/\/ci.unsa.edu.ar\/index.php\/wp-json\/wp\/v2\/pages\/67","targetHints":{"allow":["GET"]}}],"collection":[{"href":"https:\/\/ci.unsa.edu.ar\/index.php\/wp-json\/wp\/v2\/pages"}],"about":[{"href":"https:\/\/ci.unsa.edu.ar\/index.php\/wp-json\/wp\/v2\/types\/page"}],"author":[{"embeddable":true,"href":"https:\/\/ci.unsa.edu.ar\/index.php\/wp-json\/wp\/v2\/users\/1"}],"replies":[{"embeddable":true,"href":"https:\/\/ci.unsa.edu.ar\/index.php\/wp-json\/wp\/v2\/comments?post=67"}],"version-history":[{"count":5,"href":"https:\/\/ci.unsa.edu.ar\/index.php\/wp-json\/wp\/v2\/pages\/67\/revisions"}],"predecessor-version":[{"id":1189,"href":"https:\/\/ci.unsa.edu.ar\/index.php\/wp-json\/wp\/v2\/pages\/67\/revisions\/1189"}],"wp:featuredmedia":[{"embeddable":true,"href":"https:\/\/ci.unsa.edu.ar\/index.php\/wp-json\/wp\/v2\/media\/1187"}],"wp:attachment":[{"href":"https:\/\/ci.unsa.edu.ar\/index.php\/wp-json\/wp\/v2\/media?parent=67"}],"curies":[{"name":"wp","href":"https:\/\/api.w.org\/{rel}","templated":true}]}}